e prime factors of s.
2
Let b be ((-86)/(-8) - 0) + 6/(-8). List the prime factors of 2 - ((-8)/b - (-10)/(-50)).
3
Let v = 4385 + -580. List the prime factors of v.
5, 761
Suppose 2*u + 3*w - 5 = 8, 0 = 2*w - 2. Suppose -2 = 2*q + 4*f - 34, 0 = u*f + 20. What are the prime factors of q?
2, 3
Suppose -u + 0*j - 2*j - 38 = 0, -3*u + 3*j - 69 = 0. Let h be (-6)/(90/u - -3). Suppose -l = 8 - h. List the prime factors of l.
2, 5
Let q(t) = 3*t - 5*t + 0*t - 11. Let k be q(-8). Let b(z) = -z + 7. What are the prime factors of b(k)?
2
Let x(b) = -b**3 + 6*b**2 - 5*b + 4. Let j be x(4). Let u = -1 + j. List the prime factors of u.
3, 5
Suppose 0 = -48*f + 27915 + 213. List the prime factors of f.
2, 293
Let s be ((12/7)/(-1))/((-1)/7). Suppose 412 = s*d - 548. List the prime factors of d.
2, 5
Let n = 69 + -41. Suppose 0 = -2*a - 5*x + n, x = -7 + 3. What are the prime factors of a?
2, 3
Let u(p) = 5*p**2 - 12*p + 7. Let q be u(5). Let v = 139 - q. What are the prime factors of v?
67
What are the prime factors of 16/72 + 4658/18?
7, 37
Suppose -3*v - 2*v + n = -5, 0 = -5*v - 5*n - 25. Suppose -3*y + 0*y + 249 = v. List the prime factors of y.
83
Suppose -4*c = 49*c - 150308. What are the prime factors of c?
2, 709
Let r be (8 - 3)/20 - 245/4. Let s = r - -150. List the prime factors of s.
89
Let c be -4 - (-7)/((-21)/18). Let f be 0 - (1 - (1 + 0)). List the prime factors of (f - -3) + (c - -26).
19
Suppose 0*k = 4*k - 64. Let j = -9 + k. Suppose -4*o = 2*w - 60, 3*w + 2*o + 100 = j*w. What are the prime factors of w?
2, 13
Let i be 51/(2 + (1 - 2)). Suppose 166 = 5*x + i. Let p = x + -17. List the prime factors of p.
2, 3
Suppose -5*s = -5*n - 4*s + 889, 3*s - 181 = -n. List the prime factors of n.
2, 89
Let a(m) = -m**3 + 3*m**2 + m - 18. Let s(c) = 2*c**3 - 5*c**2 - 2*c + 35. Let b(v) = 5*a(v) + 3*s(v). Let n = -1 + 1. List the prime factors of b(n).
3, 5
Let x = 15 - 10. Suppose x*i - 3*l = 39, -2*i + 24 = i - 2*l. What are the prime factors of 500/(-30)*i/(-4)?
5
Let n be ((-12)/(-54))/(2/18). Suppose -3*i = n*s - 923, -4*i + 4*s + 706 = -538. What are the prime factors of i?
3, 103
Suppose 21*a - 4389 - 3612 = 0. What are the prime factors of a?
3, 127
Let h be 3*3*6/(-27). Suppose -2 + 3 = p. List the prime factors of (p - 2)*6/h.
3
Let c(r) = -r**2 - 14*r - 10. Suppose -w + 3*w - 58 = 4*b, 5*w - 15 = 0. What are the prime factors of c(b)?
3
Suppose 0 = 2*h - 0*h - 4, 0 = t - 5*h - 552. List the prime factors of t.
2, 281
Suppose y - 862 = -s, 2*s - 585 - 1138 = -3*y. List the prime factors of s.
863
Let y = 29 - 26. Suppose -4*u = -3*p + 4*p - 222, -u = y*p - 50. List the prime factors of u.
2, 7
Let l(r) = -3*r**2 - 20*r - 6. Let u(f) = -4*f**2 - 21*f - 7. Let n(z) = 5*l(z) - 4*u(z). What are the prime factors of n(17)?
3, 5
Let u be 2/(-13) - 1/(13/(-3083)). Let o = u + -141. List the prime factors of o.
2, 3
Let g(j) = 3*j**2 + j. Let t be g(-1). Suppose 4*s = s - 18. List the prime factors of (s/5)/(t/(-5)).
3
Let v(c) = 2*c**3 - 3*c**2 + 9*c - 8. Let l be v(8). Suppose l = -7*i + 2478. List the prime factors of i.
2, 113
Suppose 604 = -r + 1051. What are the prime factors of r?
3, 149
Suppose -2921 - 1671 = -14*t. List the prime factors of t.
2, 41
Let f be 366*9/(54/4). Suppose 28 = -4*r + f. List the prime factors of r.
2, 3
Suppose 5*n + 10 = 4*k, 0*k - 2*k + 4 = -3*n. Suppose -n*r - 2*r + 796 = -5*l, -r + 199 = 5*l. List the prime factors of r.
199
Let i be 3 + 3*(-20)/12*1. What are the prime factors of i*1 + (4 - -101)*1?
103
Suppose -4*z = -3*a - 6, -5*a + 2*z + 0*z = -4. Let s = a - -24. What are the prime factors of s?
2, 13
Let j(v) = 4*v**2 - 41*v + 408. What are the prime factors of j(32)?
2, 3, 7, 19
Suppose 12*r - 8746 + 1186 = 0. List the prime factors of r.
2, 3, 5, 7
Let m(n) be the first derivative of n**3/3 - 7*n**2 + 4*n - 7. Let x be m(15). Let i = 39 + x. List the prime factors of i.
2, 29
Let i(r) = -r**3 - 3*r**2 - 3*r - 2. Let n be i(-2). What are the prime factors of 31 + (1 - n)*3?
2, 17
Let t(k) = k**3 + 11*k**2 + 16*k - 15. Let m be t(-9). Let y(w) = 53*w - 6. What are the prime factors of y(m)?
3, 17
What are the prime factors of 7/((-840)/(-454310)) + 2/24?
2, 3, 631
Suppose 3*g + 327 = 2*q - q, 4*q - 1273 = 5*g. List the prime factors of q.
2, 3, 13
Let a(o) = o**2 + o + 12. What are the prime factors of a(13)?
2, 97
Let p = -14 + 30. Let n = p - 16. Suppose 28 = 2*t - n*t. What are the prime factors of t?
2, 7
Suppose z - 267 = 4*p, -5*z + 1352 - 86 = 3*p. Suppose z - 55 = 3*u - 5*f, f = -3*u + 212. Let n = u + -35. What are the prime factors of n?
5, 7
Let y = 1039 + -960. What are the prime factors of y?
79
Let v be (-2)/(-9) - 125/(-45). List the prime factors of 240/v + 6/6.
3
Let m = -2412 - -3607. List the prime factors of m.
5, 239
Let y(o) = o**2 + 4*o - 4. Let f be y(-4). Let m = 7 + f. What are the prime factors of (-13)/39 - (-85)/m?
2, 7
Let x = 209 + -110. Suppose 2*d - 3*w - x = 0, 4*d - 4*w - 143 = -9*w. What are the prime factors of d?
2, 3, 7
Let l(c) = 3*c**2 - 15*c + 33. List the prime factors of l(13).
3, 5, 23
Let a(r) = 3*r + 5. Let o be a(-3). What are the prime factors of (-669)/(-12) - ((-3)/o + -1)?
2, 7
Suppose 965 = -5*q + 2*r, -4*q = -0*q + 5*r + 772. Let g = -50 - q. What are the prime factors of g?
11, 13
Suppose 23*v = 42568 - 11242. List the prime factors of v.
2, 3, 227
Suppose -5*r + 1220 = 5*r. What are the prime factors of r?
2, 61
Let q(w) = w**3 - 16*w**2 + 14*w - 37. What are the prime factors of q(18)?
863
Suppose 0 = -3*k + 29 - 8. Let m(c) = -c - 5. Let y be m(-8). Suppose g + 3*v - k = y, 8 = 4*g - 4*v. What are the prime factors of g?
2
Let q(a) = -a - 9. Let v be q(-14). Suppose m + 25 = -5*r, v*m + r = -0*m - 5. Suppose m = w + t - 12, -5*w + 68 = 3*t + 6. List the prime factors of w.
13
Let a = 44 + -44. Suppose a*u + 429 = 13*u. What are the prime factors of u?
3, 11
Let w(g) = 16*g - 70. List the prime factors of w(8).
2, 29
What are the prime factors of (-4452)/(-12) - -2*3?
13, 29
Let k(i) = -11*i**3 + 2*i**2 + 13*i - 16. What are the prime factors of k(-6)?
2, 11, 107
Suppose -2 = -2*s + 18. Let b = -8 - -7. What are the prime factors of s - -4 - (2 + b)?
13
Let g = -444 + 268. List the prime factors of 70/28*g/(-10).
2, 11
Let q be (-26)/(-6) + 1/(-3). Suppose -3*v - 2*g = -41 - 4, -q*v - 5*g + 53 = 0. Suppose -8*d + 457 - v = 0. What are the prime factors of d?
5, 11
Suppose -3*y - 63 = -5*c - 2, 4*y - 3*c = -63. Let f be (y/(-4) + 0)*1. Suppose m = -m + f*a - 5, -a = -m. List the prime factors of m.
5
Let k(o) = 35*o**2 + 7*o - 27. List the prime factors of k(5).
883
Let s(z) = 2*z**3 + 17*z**2 + 8*z + 50. List the prime factors of s(-7).
3, 47
Suppose 5*n = 5*a - 0*a - 10, -4*a + 5*n + 7 = 0. Suppose s - 4*s - 3*q - 15 = 0, s + a*q + 11 = 0. List the prime factors of (-66 - 8)*s/4.
37
Let y = 15 + -13. Let v be 4*(y - 4 - -3). Suppose g = v*g - 186. List the prime factors of g.
2, 31
Let g(d) = 3*d + 45. Let l be g(-14). What are the prime factors of 7 + 216/l - (0 + 0)?
79
Suppose 0*t + t = 5*w + 1, 5*t = 2*w + 28. Suppose -35 - 247 = -t*h. List the prime factors of h.
47
Suppose 0 = 2*k - 27 + 11. Let q be (1 - -1) + 0/(4/(-4)). Suppose -q*s - 2*s - 5*c - k = 0, -s + 3*c + 15 = 0. What are the prime factors of s?
3
Let u be (7/3)/((-18)/(-162)). Let d(l) = 7 - 9 + u*l - l - l**2. What are the prime factors of d(18)?
2, 17
Suppose 4*h + 3*b - 272 = 4104, -1089 = -h - 2*b. List the prime factors of h.
1097
Let w(u) = 35*u**3 - 5*u**2 - 23*u. What are the prime factors of w(4)?
2, 11, 47
Let x = 34 - 26. List the prime factors of (122/4)/(4/x).
61
Suppose -4*k - 50 = k. Let c(i) = 2*i**2 + 12*i + 10. Let r be c(k). Suppose -3*l - 2*l = -r. What are the prime factors of l?
2, 3
List the prime factors of ((-2)/2)/(12 + (-53306)/4442).
2221
Suppose u + 10 = i, 4*u + i = 2*u - 32. Let b = u + 14. Suppose b = -0*a - a + 2. What are the prime factors of a?
2
Let k(v) = v**2 + 11*v - 22. Let b be k(-13). Suppose -3*y + 15 = 0, b*y + 13 = n - 25. What are the prime factors of n?
2, 29
Let b = -2 - -40. Let v(m) = -4*m - 26. Let f be v(-9). Suppose -5*y + 0 = f, 2*y + b = 2*h. What are the prime factors of h?
17
Suppose 5*y + 4*w = 41, -3*w + 22 = 3*y - 